{"id":61,"date":"2019-05-02T15:31:50","date_gmt":"2019-05-02T15:31:50","guid":{"rendered":"http:\/\/palsadiso.de\/?page_id=61"},"modified":"2024-10-19T15:43:15","modified_gmt":"2024-10-19T15:43:15","slug":"strand","status":"publish","type":"page","link":"http:\/\/palsadiso.de\/?page_id=61","title":{"rendered":"Strand und K\u00fcste"},"content":{"rendered":"\n<p>Nur f\u00fcnf Minuten mit dem Auto sind es von unserem Haus bis zum kilometerlangen Strand von Platja de Pals, der sich bis nach L&#8217;Estartit hinzieht.<br>Der feinsandige Strand f\u00e4llt teilweise sehr flach ins Wasser ab und ist auch in der Hochsaison nie \u00fcberf\u00fcllt.<\/p>\n\n\n\n<p>Platja de Pals bietet mit Restaurants, kleinen Gesch\u00e4ften, Strandbars und diversen Wassersportangeboten auch eine gute Infrastruktur. <\/p>\n\n\n\n<figure class=\"wp-block-image\"><img decoding=\"async\" loading=\"lazy\" width=\"1024\" height=\"768\" src=\"http:\/\/palsadiso.de\/wp-content\/uploads\/2022\/10\/20220919_155210-1-1024x768.jpg\" alt=\"\" class=\"wp-image-517\" srcset=\"http:\/\/palsadiso.de\/wp-content\/uploads\/2022\/10\/20220919_155210-1-1024x768.jpg 1024w, http:\/\/palsadiso.de\/wp-content\/uploads\/2022\/10\/20220919_155210-1-300x225.jpg 300w, http:\/\/palsadiso.de\/wp-content\/uploads\/2022\/10\/20220919_155210-1-768x576.jpg 768w, http:\/\/palsadiso.de\/wp-content\/uploads\/2022\/10\/20220919_155210-1-1140x855.jpg 1140w\" sizes=\"(max-width: 1024px) 100vw, 1024px\" \/><\/figure>\n\n\n\n<figure class=\"wp-block-image\"><img decoding=\"async\" loading=\"lazy\" width=\"1024\" height=\"768\" src=\"http:\/\/palsadiso.de\/wp-content\/uploads\/2021\/12\/20200730_082123-1024x768.jpg\" alt=\"\" class=\"wp-image-484\" srcset=\"http:\/\/palsadiso.de\/wp-content\/uploads\/2021\/12\/20200730_082123-1024x768.jpg 1024w, http:\/\/palsadiso.de\/wp-content\/uploads\/2021\/12\/20200730_082123-300x225.jpg 300w, http:\/\/palsadiso.de\/wp-content\/uploads\/2021\/12\/20200730_082123-768x576.jpg 768w, http:\/\/palsadiso.de\/wp-content\/uploads\/2021\/12\/20200730_082123-1140x855.jpg 1140w\" sizes=\"(max-width: 1024px) 100vw, 1024px\" \/><\/figure>\n\n\n\n<figure class=\"wp-block-image\"><img decoding=\"async\" loading=\"lazy\" width=\"1024\" height=\"683\" src=\"http:\/\/palsadiso.de\/wp-content\/uploads\/2019\/12\/DSC_0486-2-1024x683.jpg\" alt=\"\" class=\"wp-image-223\" srcset=\"http:\/\/palsadiso.de\/wp-content\/uploads\/2019\/12\/DSC_0486-2-1024x683.jpg 1024w, http:\/\/palsadiso.de\/wp-content\/uploads\/2019\/12\/DSC_0486-2-300x200.jpg 300w, http:\/\/palsadiso.de\/wp-content\/uploads\/2019\/12\/DSC_0486-2-768x512.jpg 768w, http:\/\/palsadiso.de\/wp-content\/uploads\/2019\/12\/DSC_0486-2-1140x760.jpg 1140w\" sizes=\"(max-width: 1024px) 100vw, 1024px\" \/><\/figure>\n\n\n\n<figure class=\"wp-block-image\"><img decoding=\"async\" loading=\"lazy\" width=\"1024\" height=\"576\" src=\"http:\/\/palsadiso.de\/wp-content\/uploads\/2019\/12\/20190904_123045-2-1024x576.jpg\" alt=\"\" class=\"wp-image-123\" srcset=\"http:\/\/palsadiso.de\/wp-content\/uploads\/2019\/12\/20190904_123045-2-1024x576.jpg 1024w, http:\/\/palsadiso.de\/wp-content\/uploads\/2019\/12\/20190904_123045-2-300x169.jpg 300w, http:\/\/palsadiso.de\/wp-content\/uploads\/2019\/12\/20190904_123045-2-768x432.jpg 768w, http:\/\/palsadiso.de\/wp-content\/uploads\/2019\/12\/20190904_123045-2-1140x641.jpg 1140w\" sizes=\"(max-width: 1024px) 100vw, 1024px\" \/><\/figure>\n\n\n\n<figure class=\"wp-block-image\"><img decoding=\"async\" loading=\"lazy\" width=\"1024\" height=\"576\" src=\"http:\/\/palsadiso.de\/wp-content\/uploads\/2019\/12\/20190904_123152-1024x576.jpg\" alt=\"\" class=\"wp-image-455\" srcset=\"http:\/\/palsadiso.de\/wp-content\/uploads\/2019\/12\/20190904_123152-1024x576.jpg 1024w, http:\/\/palsadiso.de\/wp-content\/uploads\/2019\/12\/20190904_123152-300x169.jpg 300w, http:\/\/palsadiso.de\/wp-content\/uploads\/2019\/12\/20190904_123152-768x432.jpg 768w, http:\/\/palsadiso.de\/wp-content\/uploads\/2019\/12\/20190904_123152-1140x641.jpg 1140w\" sizes=\"(max-width: 1024px) 100vw, 1024px\" \/><\/figure>\n\n\n\n<figure class=\"wp-block-image\"><img decoding=\"async\" loading=\"lazy\" width=\"1024\" height=\"683\" src=\"http:\/\/palsadiso.de\/wp-content\/uploads\/2019\/12\/DSC_1523-1024x683.jpg\" alt=\"\" class=\"wp-image-174\" srcset=\"http:\/\/palsadiso.de\/wp-content\/uploads\/2019\/12\/DSC_1523-1024x683.jpg 1024w, http:\/\/palsadiso.de\/wp-content\/uploads\/2019\/12\/DSC_1523-300x200.jpg 300w, http:\/\/palsadiso.de\/wp-content\/uploads\/2019\/12\/DSC_1523-768x512.jpg 768w, http:\/\/palsadiso.de\/wp-content\/uploads\/2019\/12\/DSC_1523-1140x760.jpg 1140w\" sizes=\"(max-width: 1024px) 100vw, 1024px\" \/><\/figure>\n\n\n\n<figure class=\"wp-block-image\"><img decoding=\"async\" loading=\"lazy\" width=\"1024\" height=\"683\" src=\"http:\/\/palsadiso.de\/wp-content\/uploads\/2019\/12\/DSC_2943-1024x683.jpg\" alt=\"\" class=\"wp-image-136\" srcset=\"http:\/\/palsadiso.de\/wp-content\/uploads\/2019\/12\/DSC_2943-1024x683.jpg 1024w, http:\/\/palsadiso.de\/wp-content\/uploads\/2019\/12\/DSC_2943-300x200.jpg 300w, http:\/\/palsadiso.de\/wp-content\/uploads\/2019\/12\/DSC_2943-768x512.jpg 768w, http:\/\/palsadiso.de\/wp-content\/uploads\/2019\/12\/DSC_2943-1140x760.jpg 1140w\" sizes=\"(max-width: 1024px) 100vw, 1024px\" \/><\/figure>\n\n\n\n<figure class=\"wp-block-image\"><img decoding=\"async\" loading=\"lazy\" width=\"1024\" height=\"687\" src=\"http:\/\/palsadiso.de\/wp-content\/uploads\/2019\/12\/DSC_2080-1-1024x687.jpg\" alt=\"\" class=\"wp-image-130\" srcset=\"http:\/\/palsadiso.de\/wp-content\/uploads\/2019\/12\/DSC_2080-1-1024x687.jpg 1024w, http:\/\/palsadiso.de\/wp-content\/uploads\/2019\/12\/DSC_2080-1-300x201.jpg 300w, http:\/\/palsadiso.de\/wp-content\/uploads\/2019\/12\/DSC_2080-1-768x515.jpg 768w, http:\/\/palsadiso.de\/wp-content\/uploads\/2019\/12\/DSC_2080-1-1140x765.jpg 1140w\" sizes=\"(max-width: 1024px) 100vw, 1024px\" \/><\/figure>\n\n\n\n<figure class=\"wp-block-image is-resized\"><img decoding=\"async\" loading=\"lazy\" src=\"http:\/\/palsadiso.de\/wp-content\/uploads\/2019\/12\/IMG_5074-e1577618476613-768x1024.jpg\" alt=\"\" class=\"wp-image-453\" width=\"576\" height=\"768\" srcset=\"http:\/\/palsadiso.de\/wp-content\/uploads\/2019\/12\/IMG_5074-e1577618476613-768x1024.jpg 768w, http:\/\/palsadiso.de\/wp-content\/uploads\/2019\/12\/IMG_5074-e1577618476613-225x300.jpg 225w, http:\/\/palsadiso.de\/wp-content\/uploads\/2019\/12\/IMG_5074-e1577618476613-1140x1520.jpg 1140w\" sizes=\"(max-width: 576px) 100vw, 576px\" \/><\/figure>\n\n\n\n<p>L&#8217;Estartit liegt direkt an den Medes-Inseln, daher werden hier Boots- und Tauchausfl\u00fcge aller Art angeboten.<br>Beim Campingplatz &#8222;El Molino&#8220; befindet sich au\u00dferdem ein spezieller Strandabschnitt, an dem Hunde auch in der Hochsaison baden und toben d\u00fcrfen!<\/p>\n\n\n\n<p>Wanderer mit guter Kondition besteigen im Nachbarort Torroella de Montgri den Burgberg &#8222;Montgri&#8220;.<\/p>\n\n\n\n<figure class=\"wp-block-image\"><img decoding=\"async\" loading=\"lazy\" width=\"1024\" height=\"576\" src=\"http:\/\/palsadiso.de\/wp-content\/uploads\/2019\/12\/20190904_123520-1024x576.jpg\" alt=\"\" class=\"wp-image-133\" srcset=\"http:\/\/palsadiso.de\/wp-content\/uploads\/2019\/12\/20190904_123520-1024x576.jpg 1024w, http:\/\/palsadiso.de\/wp-content\/uploads\/2019\/12\/20190904_123520-300x169.jpg 300w, http:\/\/palsadiso.de\/wp-content\/uploads\/2019\/12\/20190904_123520-768x432.jpg 768w, http:\/\/palsadiso.de\/wp-content\/uploads\/2019\/12\/20190904_123520-1140x641.jpg 1140w\" sizes=\"(max-width: 1024px) 100vw, 1024px\" \/><\/figure>\n\n\n\n<figure class=\"wp-block-image\"><img decoding=\"async\" loading=\"lazy\" width=\"1024\" height=\"768\" src=\"http:\/\/palsadiso.de\/wp-content\/uploads\/2021\/12\/20210718_194352-1024x768.jpg\" alt=\"\" class=\"wp-image-492\" srcset=\"http:\/\/palsadiso.de\/wp-content\/uploads\/2021\/12\/20210718_194352-1024x768.jpg 1024w, http:\/\/palsadiso.de\/wp-content\/uploads\/2021\/12\/20210718_194352-300x225.jpg 300w, http:\/\/palsadiso.de\/wp-content\/uploads\/2021\/12\/20210718_194352-768x576.jpg 768w, http:\/\/palsadiso.de\/wp-content\/uploads\/2021\/12\/20210718_194352-1140x855.jpg 1140w\" sizes=\"(max-width: 1024px) 100vw, 1024px\" \/><\/figure>\n\n\n\n<figure class=\"wp-block-image\"><img decoding=\"async\" loading=\"lazy\" width=\"1024\" height=\"683\" src=\"http:\/\/palsadiso.de\/wp-content\/uploads\/2019\/12\/DSC_0297-1024x683.jpg\" alt=\"\" class=\"wp-image-137\" srcset=\"http:\/\/palsadiso.de\/wp-content\/uploads\/2019\/12\/DSC_0297-1024x683.jpg 1024w, http:\/\/palsadiso.de\/wp-content\/uploads\/2019\/12\/DSC_0297-300x200.jpg 300w, http:\/\/palsadiso.de\/wp-content\/uploads\/2019\/12\/DSC_0297-768x512.jpg 768w, http:\/\/palsadiso.de\/wp-content\/uploads\/2019\/12\/DSC_0297-1140x760.jpg 1140w\" sizes=\"(max-width: 1024px) 100vw, 1024px\" \/><\/figure>\n\n\n\n<figure class=\"wp-block-image\"><img decoding=\"async\" loading=\"lazy\" width=\"1024\" height=\"768\" src=\"http:\/\/palsadiso.de\/wp-content\/uploads\/2019\/12\/IMG_5080-1-1024x768.jpg\" alt=\"\" class=\"wp-image-379\" srcset=\"http:\/\/palsadiso.de\/wp-content\/uploads\/2019\/12\/IMG_5080-1-1024x768.jpg 1024w, http:\/\/palsadiso.de\/wp-content\/uploads\/2019\/12\/IMG_5080-1-300x225.jpg 300w, http:\/\/palsadiso.de\/wp-content\/uploads\/2019\/12\/IMG_5080-1-768x576.jpg 768w, http:\/\/palsadiso.de\/wp-content\/uploads\/2019\/12\/IMG_5080-1-1140x855.jpg 1140w\" sizes=\"(max-width: 1024px) 100vw, 1024px\" \/><\/figure>\n\n\n\n<p>Von Platja de Pals f\u00fchrt ein K\u00fcstenweg (&#8222;Cami de Ronda&#8220;) zur malerischen Bucht &#8222;Illa Roja&#8220; und weiter nach Sa Riera. In &#8222;Illa Roja&#8220; ist h\u00fcllenloses Baden m\u00f6glich &#8211; aber kein Muss.<\/p>\n\n\n\n<figure class=\"wp-block-image\"><img decoding=\"async\" loading=\"lazy\" width=\"1024\" height=\"768\" src=\"http:\/\/palsadiso.de\/wp-content\/uploads\/2021\/12\/20210709_150933-1024x768.jpg\" alt=\"\" class=\"wp-image-485\" srcset=\"http:\/\/palsadiso.de\/wp-content\/uploads\/2021\/12\/20210709_150933-1024x768.jpg 1024w, http:\/\/palsadiso.de\/wp-content\/uploads\/2021\/12\/20210709_150933-300x225.jpg 300w, http:\/\/palsadiso.de\/wp-content\/uploads\/2021\/12\/20210709_150933-768x576.jpg 768w, http:\/\/palsadiso.de\/wp-content\/uploads\/2021\/12\/20210709_150933-1140x855.jpg 1140w\" sizes=\"(max-width: 1024px) 100vw, 1024px\" \/><\/figure>\n\n\n\n<figure class=\"wp-block-image\"><img decoding=\"async\" loading=\"lazy\" width=\"1024\" height=\"768\" src=\"http:\/\/palsadiso.de\/wp-content\/uploads\/2019\/12\/IMG_9089-1024x768.jpg\" alt=\"\" class=\"wp-image-344\" srcset=\"http:\/\/palsadiso.de\/wp-content\/uploads\/2019\/12\/IMG_9089-1024x768.jpg 1024w, http:\/\/palsadiso.de\/wp-content\/uploads\/2019\/12\/IMG_9089-300x225.jpg 300w, http:\/\/palsadiso.de\/wp-content\/uploads\/2019\/12\/IMG_9089-768x576.jpg 768w, http:\/\/palsadiso.de\/wp-content\/uploads\/2019\/12\/IMG_9089-1140x855.jpg 1140w\" sizes=\"(max-width: 1024px) 100vw, 1024px\" \/><figcaption class=\"wp-element-caption\">Illa Roja<\/figcaption><\/figure>\n\n\n\n<figure class=\"wp-block-image\"><img decoding=\"async\" loading=\"lazy\" width=\"1024\" height=\"768\" src=\"http:\/\/palsadiso.de\/wp-content\/uploads\/2021\/12\/20200730_074616-1024x768.jpg\" alt=\"\" class=\"wp-image-486\" srcset=\"http:\/\/palsadiso.de\/wp-content\/uploads\/2021\/12\/20200730_074616-1024x768.jpg 1024w, http:\/\/palsadiso.de\/wp-content\/uploads\/2021\/12\/20200730_074616-300x225.jpg 300w, http:\/\/palsadiso.de\/wp-content\/uploads\/2021\/12\/20200730_074616-768x576.jpg 768w, http:\/\/palsadiso.de\/wp-content\/uploads\/2021\/12\/20200730_074616-1140x855.jpg 1140w\" sizes=\"(max-width: 1024px) 100vw, 1024px\" \/><\/figure>\n\n\n\n<figure class=\"wp-block-image\"><img decoding=\"async\" loading=\"lazy\" width=\"1024\" height=\"768\" src=\"http:\/\/palsadiso.de\/wp-content\/uploads\/2021\/12\/20210709_152247-1024x768.jpg\" alt=\"\" class=\"wp-image-487\" srcset=\"http:\/\/palsadiso.de\/wp-content\/uploads\/2021\/12\/20210709_152247-1024x768.jpg 1024w, http:\/\/palsadiso.de\/wp-content\/uploads\/2021\/12\/20210709_152247-300x225.jpg 300w, http:\/\/palsadiso.de\/wp-content\/uploads\/2021\/12\/20210709_152247-768x576.jpg 768w, http:\/\/palsadiso.de\/wp-content\/uploads\/2021\/12\/20210709_152247-1140x855.jpg 1140w\" sizes=\"(max-width: 1024px) 100vw, 1024px\" \/><figcaption class=\"wp-element-caption\">Sa Riera<\/figcaption><\/figure>\n\n\n\n<figure class=\"wp-block-image\"><img decoding=\"async\" loading=\"lazy\" width=\"1024\" height=\"768\" src=\"http:\/\/palsadiso.de\/wp-content\/uploads\/2019\/12\/IMG_5043-1-1024x768.jpg\" alt=\"\" class=\"wp-image-124\" srcset=\"http:\/\/palsadiso.de\/wp-content\/uploads\/2019\/12\/IMG_5043-1-1024x768.jpg 1024w, http:\/\/palsadiso.de\/wp-content\/uploads\/2019\/12\/IMG_5043-1-300x225.jpg 300w, http:\/\/palsadiso.de\/wp-content\/uploads\/2019\/12\/IMG_5043-1-768x576.jpg 768w, http:\/\/palsadiso.de\/wp-content\/uploads\/2019\/12\/IMG_5043-1-1140x855.jpg 1140w\" sizes=\"(max-width: 1024px) 100vw, 1024px\" \/><\/figure>\n\n\n\n<p>Der K\u00fcstenabschnitt von Platja de Pals bis zum Platja de Castell bei Palamos geh\u00f6rt mit zum Sch\u00f6nsten, was die Costa Brava zu bieten hat.<\/p>\n\n\n\n<figure class=\"wp-block-image\"><img decoding=\"async\" loading=\"lazy\" width=\"1024\" height=\"576\" src=\"http:\/\/palsadiso.de\/wp-content\/uploads\/2019\/12\/20190904_122812-1024x576.jpg\" alt=\"\" class=\"wp-image-131\" srcset=\"http:\/\/palsadiso.de\/wp-content\/uploads\/2019\/12\/20190904_122812-1024x576.jpg 1024w, http:\/\/palsadiso.de\/wp-content\/uploads\/2019\/12\/20190904_122812-300x169.jpg 300w, http:\/\/palsadiso.de\/wp-content\/uploads\/2019\/12\/20190904_122812-768x432.jpg 768w, http:\/\/palsadiso.de\/wp-content\/uploads\/2019\/12\/20190904_122812-1140x641.jpg 1140w\" sizes=\"(max-width: 1024px) 100vw, 1024px\" \/><\/figure>\n\n\n\n<figure class=\"wp-block-image\"><img alt=\"\"\/><\/figure>\n\n\n\n<figure class=\"wp-block-image\"><img decoding=\"async\" loading=\"lazy\" width=\"1024\" height=\"768\" src=\"http:\/\/palsadiso.de\/wp-content\/uploads\/2019\/12\/20170618_093340-1024x768.jpg\" alt=\"\" class=\"wp-image-139\" srcset=\"http:\/\/palsadiso.de\/wp-content\/uploads\/2019\/12\/20170618_093340-1024x768.jpg 1024w, http:\/\/palsadiso.de\/wp-content\/uploads\/2019\/12\/20170618_093340-300x225.jpg 300w, http:\/\/palsadiso.de\/wp-content\/uploads\/2019\/12\/20170618_093340-768x576.jpg 768w, http:\/\/palsadiso.de\/wp-content\/uploads\/2019\/12\/20170618_093340-1140x855.jpg 1140w\" sizes=\"(max-width: 1024px) 100vw, 1024px\" \/><figcaption class=\"wp-element-caption\">Aiguablava und Fornells<\/figcaption><\/figure>\n\n\n\n<figure class=\"wp-block-image\"><img decoding=\"async\" loading=\"lazy\" width=\"1024\" height=\"768\" src=\"http:\/\/palsadiso.de\/wp-content\/uploads\/2021\/12\/20210923_164031-1024x768.jpg\" alt=\"\" class=\"wp-image-490\" srcset=\"http:\/\/palsadiso.de\/wp-content\/uploads\/2021\/12\/20210923_164031-1024x768.jpg 1024w, http:\/\/palsadiso.de\/wp-content\/uploads\/2021\/12\/20210923_164031-300x225.jpg 300w, http:\/\/palsadiso.de\/wp-content\/uploads\/2021\/12\/20210923_164031-768x576.jpg 768w, http:\/\/palsadiso.de\/wp-content\/uploads\/2021\/12\/20210923_164031-1140x855.jpg 1140w\" sizes=\"(max-width: 1024px) 100vw, 1024px\" \/><\/figure>\n\n\n\n<figure class=\"wp-block-image\"><img decoding=\"async\" loading=\"lazy\" width=\"1024\" height=\"768\" src=\"http:\/\/palsadiso.de\/wp-content\/uploads\/2021\/12\/20210923_160445-1024x768.jpg\" alt=\"\" class=\"wp-image-489\" srcset=\"http:\/\/palsadiso.de\/wp-content\/uploads\/2021\/12\/20210923_160445-1024x768.jpg 1024w, http:\/\/palsadiso.de\/wp-content\/uploads\/2021\/12\/20210923_160445-300x225.jpg 300w, http:\/\/palsadiso.de\/wp-content\/uploads\/2021\/12\/20210923_160445-768x576.jpg 768w, http:\/\/palsadiso.de\/wp-content\/uploads\/2021\/12\/20210923_160445-1140x855.jpg 1140w\" sizes=\"(max-width: 1024px) 100vw, 1024px\" \/><\/figure>\n\n\n\n<figure class=\"wp-block-image\"><img decoding=\"async\" loading=\"lazy\" width=\"1024\" height=\"768\" src=\"http:\/\/palsadiso.de\/wp-content\/uploads\/2019\/12\/20191108_130519-1024x768.jpg\" alt=\"\" class=\"wp-image-140\" srcset=\"http:\/\/palsadiso.de\/wp-content\/uploads\/2019\/12\/20191108_130519-1024x768.jpg 1024w, http:\/\/palsadiso.de\/wp-content\/uploads\/2019\/12\/20191108_130519-300x225.jpg 300w, http:\/\/palsadiso.de\/wp-content\/uploads\/2019\/12\/20191108_130519-768x576.jpg 768w, http:\/\/palsadiso.de\/wp-content\/uploads\/2019\/12\/20191108_130519-1140x855.jpg 1140w\" sizes=\"(max-width: 1024px) 100vw, 1024px\" \/><figcaption class=\"wp-element-caption\">Aigua-Xelida<\/figcaption><\/figure>\n\n\n\n<figure class=\"wp-block-image\"><img decoding=\"async\" loading=\"lazy\" width=\"1024\" height=\"768\" src=\"http:\/\/palsadiso.de\/wp-content\/uploads\/2022\/10\/20220915_113512-1024x768.jpg\" alt=\"\" class=\"wp-image-512\" srcset=\"http:\/\/palsadiso.de\/wp-content\/uploads\/2022\/10\/20220915_113512-1024x768.jpg 1024w, http:\/\/palsadiso.de\/wp-content\/uploads\/2022\/10\/20220915_113512-300x225.jpg 300w, http:\/\/palsadiso.de\/wp-content\/uploads\/2022\/10\/20220915_113512-768x576.jpg 768w, http:\/\/palsadiso.de\/wp-content\/uploads\/2022\/10\/20220915_113512-1140x855.jpg 1140w\" sizes=\"(max-width: 1024px) 100vw, 1024px\" \/><\/figure>\n\n\n\n<figure class=\"wp-block-image\"><img decoding=\"async\" loading=\"lazy\" width=\"1024\" height=\"768\" src=\"http:\/\/palsadiso.de\/wp-content\/uploads\/2021\/12\/20210723_104423-1024x768.jpg\" alt=\"\" class=\"wp-image-491\" srcset=\"http:\/\/palsadiso.de\/wp-content\/uploads\/2021\/12\/20210723_104423-1024x768.jpg 1024w, http:\/\/palsadiso.de\/wp-content\/uploads\/2021\/12\/20210723_104423-300x225.jpg 300w, http:\/\/palsadiso.de\/wp-content\/uploads\/2021\/12\/20210723_104423-768x576.jpg 768w, http:\/\/palsadiso.de\/wp-content\/uploads\/2021\/12\/20210723_104423-1140x855.jpg 1140w\" sizes=\"(max-width: 1024px) 100vw, 1024px\" \/><figcaption class=\"wp-element-caption\">Aussicht vom Leuchtturm Sant Sebastia<\/figcaption><\/figure>\n\n\n\n<figure class=\"wp-block-image\"><img decoding=\"async\" loading=\"lazy\" width=\"1024\" height=\"768\" src=\"http:\/\/palsadiso.de\/wp-content\/uploads\/2019\/12\/20170428_160233-1024x768.jpg\" alt=\"\" class=\"wp-image-147\" srcset=\"http:\/\/palsadiso.de\/wp-content\/uploads\/2019\/12\/20170428_160233-1024x768.jpg 1024w, http:\/\/palsadiso.de\/wp-content\/uploads\/2019\/12\/20170428_160233-300x225.jpg 300w, http:\/\/palsadiso.de\/wp-content\/uploads\/2019\/12\/20170428_160233-768x576.jpg 768w, http:\/\/palsadiso.de\/wp-content\/uploads\/2019\/12\/20170428_160233-1140x855.jpg 1140w\" sizes=\"(max-width: 1024px) 100vw, 1024px\" \/><figcaption class=\"wp-element-caption\">Calella de Palafrugell<\/figcaption><\/figure>\n\n\n\n<figure class=\"wp-block-image\"><img decoding=\"async\" loading=\"lazy\" width=\"1024\" height=\"687\" src=\"http:\/\/palsadiso.de\/wp-content\/uploads\/2019\/12\/DSC_7315-1024x687.jpg\" alt=\"\" class=\"wp-image-142\" srcset=\"http:\/\/palsadiso.de\/wp-content\/uploads\/2019\/12\/DSC_7315-1024x687.jpg 1024w, http:\/\/palsadiso.de\/wp-content\/uploads\/2019\/12\/DSC_7315-300x201.jpg 300w, http:\/\/palsadiso.de\/wp-content\/uploads\/2019\/12\/DSC_7315-768x516.jpg 768w, http:\/\/palsadiso.de\/wp-content\/uploads\/2019\/12\/DSC_7315-1140x765.jpg 1140w\" sizes=\"(max-width: 1024px) 100vw, 1024px\" \/><figcaption class=\"wp-element-caption\">Cala Cap d&#8217;en Planes<\/figcaption><\/figure>\n\n\n\n<figure class=\"wp-block-image\"><img decoding=\"async\" loading=\"lazy\" width=\"1024\" height=\"768\" src=\"http:\/\/palsadiso.de\/wp-content\/uploads\/2019\/12\/20171110_130022-1024x768.jpg\" alt=\"\" class=\"wp-image-144\" srcset=\"http:\/\/palsadiso.de\/wp-content\/uploads\/2019\/12\/20171110_130022-1024x768.jpg 1024w, http:\/\/palsadiso.de\/wp-content\/uploads\/2019\/12\/20171110_130022-300x225.jpg 300w, http:\/\/palsadiso.de\/wp-content\/uploads\/2019\/12\/20171110_130022-768x576.jpg 768w, http:\/\/palsadiso.de\/wp-content\/uploads\/2019\/12\/20171110_130022-1140x855.jpg 1140w\" sizes=\"(max-width: 1024px) 100vw, 1024px\" \/><figcaption class=\"wp-element-caption\">Cala Estreta<\/figcaption><\/figure>\n\n\n\n<figure class=\"wp-block-image size-large\"><img decoding=\"async\" loading=\"lazy\" width=\"1024\" height=\"768\" src=\"https:\/\/palsadiso.de\/wp-content\/uploads\/2024\/10\/20240926_122305-1024x768.jpg\" alt=\"\" class=\"wp-image-550\" srcset=\"http:\/\/palsadiso.de\/wp-content\/uploads\/2024\/10\/20240926_122305-1024x768.jpg 1024w, http:\/\/palsadiso.de\/wp-content\/uploads\/2024\/10\/20240926_122305-300x225.jpg 300w, http:\/\/palsadiso.de\/wp-content\/uploads\/2024\/10\/20240926_122305-768x576.jpg 768w, http:\/\/palsadiso.de\/wp-content\/uploads\/2024\/10\/20240926_122305-1536x1152.jpg 1536w, http:\/\/palsadiso.de\/wp-content\/uploads\/2024\/10\/20240926_122305-2048x1536.jpg 2048w, http:\/\/palsadiso.de\/wp-content\/uploads\/2024\/10\/20240926_122305-1140x855.jpg 1140w\" sizes=\"(max-width: 1024px) 100vw, 1024px\" \/><figcaption class=\"wp-element-caption\">Cala Corbs<\/figcaption><\/figure>\n\n\n\n<figure class=\"wp-block-image\"><img decoding=\"async\" loading=\"lazy\" width=\"1024\" height=\"768\" src=\"http:\/\/palsadiso.de\/wp-content\/uploads\/2019\/12\/20171110_115243-1024x768.jpg\" alt=\"\" class=\"wp-image-145\" srcset=\"http:\/\/palsadiso.de\/wp-content\/uploads\/2019\/12\/20171110_115243-1024x768.jpg 1024w, http:\/\/palsadiso.de\/wp-content\/uploads\/2019\/12\/20171110_115243-300x225.jpg 300w, http:\/\/palsadiso.de\/wp-content\/uploads\/2019\/12\/20171110_115243-768x576.jpg 768w, http:\/\/palsadiso.de\/wp-content\/uploads\/2019\/12\/20171110_115243-1140x855.jpg 1140w\" sizes=\"(max-width: 1024px) 100vw, 1024px\" \/><figcaption class=\"wp-element-caption\">Cala dels Canyers<\/figcaption><\/figure>\n\n\n\n<figure class=\"wp-block-image size-large\"><img decoding=\"async\" loading=\"lazy\" width=\"1024\" height=\"768\" src=\"https:\/\/palsadiso.de\/wp-content\/uploads\/2024\/10\/20240926_125402-1024x768.jpg\" alt=\"\" class=\"wp-image-552\" srcset=\"http:\/\/palsadiso.de\/wp-content\/uploads\/2024\/10\/20240926_125402-1024x768.jpg 1024w, http:\/\/palsadiso.de\/wp-content\/uploads\/2024\/10\/20240926_125402-300x225.jpg 300w, http:\/\/palsadiso.de\/wp-content\/uploads\/2024\/10\/20240926_125402-768x576.jpg 768w, http:\/\/palsadiso.de\/wp-content\/uploads\/2024\/10\/20240926_125402-1536x1152.jpg 1536w, http:\/\/palsadiso.de\/wp-content\/uploads\/2024\/10\/20240926_125402-2048x1536.jpg 2048w, http:\/\/palsadiso.de\/wp-content\/uploads\/2024\/10\/20240926_125402-1140x855.jpg 1140w\" sizes=\"(max-width: 1024px) 100vw, 1024px\" \/><\/figure>\n\n\n\n<figure class=\"wp-block-image\"><img decoding=\"async\" loading=\"lazy\" width=\"1024\" height=\"768\" src=\"http:\/\/palsadiso.de\/wp-content\/uploads\/2019\/12\/DSCN0767-1024x768.jpg\" alt=\"\" class=\"wp-image-148\" srcset=\"http:\/\/palsadiso.de\/wp-content\/uploads\/2019\/12\/DSCN0767-1024x768.jpg 1024w, http:\/\/palsadiso.de\/wp-content\/uploads\/2019\/12\/DSCN0767-300x225.jpg 300w, http:\/\/palsadiso.de\/wp-content\/uploads\/2019\/12\/DSCN0767-768x576.jpg 768w, http:\/\/palsadiso.de\/wp-content\/uploads\/2019\/12\/DSCN0767-1140x855.jpg 1140w\" sizes=\"(max-width: 1024px) 100vw, 1024px\" \/><figcaption class=\"wp-element-caption\">Platja de Castell<\/figcaption><\/figure>\n\n\n\n<figure class=\"wp-block-image\"><img decoding=\"async\" loading=\"lazy\" width=\"1024\" height=\"768\" src=\"http:\/\/palsadiso.de\/wp-content\/uploads\/2019\/12\/DSCN0774-1024x768.jpg\" alt=\"\" class=\"wp-image-149\" srcset=\"http:\/\/palsadiso.de\/wp-content\/uploads\/2019\/12\/DSCN0774-1024x768.jpg 1024w, http:\/\/palsadiso.de\/wp-content\/uploads\/2019\/12\/DSCN0774-300x225.jpg 300w, http:\/\/palsadiso.de\/wp-content\/uploads\/2019\/12\/DSCN0774-768x576.jpg 768w, http:\/\/palsadiso.de\/wp-content\/uploads\/2019\/12\/DSCN0774-1140x855.jpg 1140w\" sizes=\"(max-width: 1024px) 100vw, 1024px\" \/><figcaption class=\"wp-element-caption\">Cala S&#8217;Alguer<\/figcaption><\/figure>\n","protected":false},"excerpt":{"rendered":"<p>Nur f\u00fcnf Minuten mit dem Auto sind es von unserem Haus bis zum kilometerlangen Strand von Platja de Pals, der sich bis nach L&#8217;Estartit hinzieht.Der feinsandige Strand f\u00e4llt teilweise sehr flach ins Wasser ab und ist auch in der Hochsaison nie \u00fcberf\u00fcllt. Platja de Pals bietet mit Restaurants, kleinen Gesch\u00e4ften, Strandbars und diversen Wassersportangeboten auch eine gute Infrastruktur. L&#8217;Estartit liegt direkt an den Medes-Inseln, daher werden hier Boots- und Tauchausfl\u00fcge aller Art angeboten.Beim Campingplatz &#8222;El Molino&#8220; befindet sich au\u00dferdem ein spezieller Strandabschnitt, an dem Hunde auch in der Hochsaison baden und toben d\u00fcrfen! Wanderer mit guter Kondition besteigen im Nachbarort Torroella de Montgri den Burgberg &#8222;Montgri&#8220;. Von Platja de Pals f\u00fchrt ein K\u00fcstenweg (&#8222;Cami de Ronda&#8220;) zur malerischen Bucht &#8222;Illa Roja&#8220; und weiter nach Sa Riera. In &#8222;Illa Roja&#8220; ist h\u00fcllenloses Baden m\u00f6glich &#8211; aber kein Muss. Der K\u00fcstenabschnitt von Platja de Pals bis zum Platja de Castell bei Palamos geh\u00f6rt mit zum Sch\u00f6nsten, was die Costa Brava zu bieten hat.<\/p>\n","protected":false},"author":1,"featured_media":0,"parent":0,"menu_order":0,"comment_status":"closed","ping_status":"closed","template":"","meta":[],"_links":{"self":[{"href":"http:\/\/palsadiso.de\/index.php?rest_route=\/wp\/v2\/pages\/61"}],"collection":[{"href":"http:\/\/palsadiso.de\/index.php?rest_route=\/wp\/v2\/pages"}],"about":[{"href":"http:\/\/palsadiso.de\/index.php?rest_route=\/wp\/v2\/types\/page"}],"author":[{"embeddable":true,"href":"http:\/\/palsadiso.de\/index.php?rest_route=\/wp\/v2\/users\/1"}],"replies":[{"embeddable":true,"href":"http:\/\/palsadiso.de\/index.php?rest_route=%2Fwp%2Fv2%2Fcomments&post=61"}],"version-history":[{"count":29,"href":"http:\/\/palsadiso.de\/index.php?rest_route=\/wp\/v2\/pages\/61\/revisions"}],"predecessor-version":[{"id":553,"href":"http:\/\/palsadiso.de\/index.php?rest_route=\/wp\/v2\/pages\/61\/revisions\/553"}],"wp:attachment":[{"href":"http:\/\/palsadiso.de\/index.php?rest_route=%2Fwp%2Fv2%2Fmedia&parent=61"}],"curies":[{"name":"wp","href":"https:\/\/api.w.org\/{rel}","templated":true}]}}