{"id":81,"date":"2019-05-02T15:36:39","date_gmt":"2019-05-02T15:36:39","guid":{"rendered":"http:\/\/palsadiso.de\/?page_id=81"},"modified":"2019-05-02T15:36:39","modified_gmt":"2019-05-02T15:36:39","slug":"kontakt","status":"publish","type":"page","link":"https:\/\/palsadiso.de\/?page_id=81","title":{"rendered":"Kontakt"},"content":{"rendered":"\n<p>Thomas und Sabine B\u00fchn<br>\n\t\tIm Grund 13<br>\n\t\tD &#8211; 79650 Schopfheim<br>\n\t\tinfo@palsadiso.de<br>\n\t\tTel.: 07622 5656<\/p>\n\n\n\n<p><strong>Datenschutzerkl\u00e4rung<\/strong><br>Verantwortliche Stelle im Sinne der Datenschutzgesetze, insbesondere der  EU-Datenschutzgrundverordnung (DSGVO), ist:<br>Thomas und Sabine B\u00fchn<br>Im Grund 13<br>D &#8211; 79650 Schopfheim<br>info@palsadiso.de<br>Tel.: 07622 5656<\/p>\n\n\n\n<p><br>Ihre Betroffenenrechte:<br>Unter den angegebenen Kontaktdaten unseres Datenschutzbeauftragten  k\u00f6nnen Sie jederzeit folgende Rechte aus\u00fcben:<br> <br>&#8211; Auskunft \u00fcber Ihre bei uns gespeicherten Daten und deren Verarbeitung,<br>&#8211; Berichtigung unrichtiger personenbezogener Daten,<br>&#8211; L\u00f6schung Ihrer bei uns gespeicherten Daten,<br>&#8211; Einschr\u00e4nkung der Datenverarbeitung, sofern wir Ihre Daten aufgrund  gesetzlicher Pflichten noch nicht l\u00f6schen d\u00fcrfen,<br>&#8211; Widerspruch gegen die Verarbeitung Ihrer Daten bei uns und<br>&#8211; Daten\u00fcbertragbarkeit, sofern Sie in die Datenverarbeitung eingewilligt  haben oder einen Vertrag mit uns abgeschlossen haben.<br> <br>Sofern Sie uns eine Einwilligung erteilt haben, k\u00f6nnen Sie diese  jederzeit mit Wirkung f\u00fcr die Zukunft widerrufen.<br>Sie k\u00f6nnen sich jederzeit mit einer Beschwerde an die f\u00fcr Sie zust\u00e4ndige  Aufsichtsbeh\u00f6rde wenden. Ihre zust\u00e4ndige Aufsichtsbeh\u00f6rde richtet sich  nach dem Bundesland Ihres Wohnsitzes, Ihrer Arbeit oder der mutma\u00dflichen  Verletzung. Eine Liste der Aufsichtsbeh\u00f6rden (f\u00fcr den nicht\u00f6ffentlichen  Bereich) mit Anschrift finden Sie unter:  <a href=\"https:\/\/www.bfdi.bund.de\/DE\/Infothek\/Anschriften_Links\/anschriften_links-node.html\"> https:\/\/www.bfdi.bund.de\/DE\/Infothek\/Anschriften_Links\/anschriften_links-node.html<\/a> <br> <br>Zwecke der Datenverarbeitung durch die  verantwortliche Stelle und Dritte:<br>Wir verarbeiten Ihre personenbezogenen Daten nur zu den in dieser  Datenschutzerkl\u00e4rung genannten Zwecken. Eine \u00dcbermittlung Ihrer  pers\u00f6nlichen Daten an Dritte zu anderen als den genannten Zwecken findet  nicht statt. Wir geben Ihre pers\u00f6nlichen Daten nur an Dritte weiter,  wenn:<br> <br>&#8211; Sie Ihre ausdr\u00fcckliche Einwilligung dazu erteilt haben,<br>&#8211; die Verarbeitung zur Abwicklung eines Vertrags mit Ihnen erforderlich  ist,<br>&#8211; die Verarbeitung zur Erf\u00fcllung einer rechtlichen Verpflichtung  erforderlich ist,<br>die Verarbeitung zur Wahrung berechtigter Interessen erforderlich ist  und kein Grund zur Annahme besteht, dass Sie ein \u00fcberwiegendes  schutzw\u00fcrdiges Interesse an der Nichtweitergabe Ihrer Daten haben.<br> <br>L\u00f6schung bzw. Sperrung der Daten<br>Wir halten uns an die Grunds\u00e4tze der Datenvermeidung und  Datensparsamkeit. Wir speichern Ihre personenbezogenen Daten daher nur  so lange, wie dies zur Erreichung der hier genannten Zwecke erforderlich  ist oder wie es die vom Gesetzgeber vorgesehenen vielf\u00e4ltigen  Speicherfristen vorsehen. Nach Fortfall des jeweiligen Zweckes bzw.  Ablauf dieser Fristen werden die entsprechenden Daten routinem\u00e4\u00dfig und  entsprechend den gesetzlichen Vorschriften gesperrt oder gel\u00f6scht.<br> <br>Erbringung kostenpflichtiger Leistungen<br>Zur Erbringung kostenpflichtiger Leistungen werden von uns zus\u00e4tzliche  Daten erfragt, wie z.B. Zahlungsangaben, um Ihre Bestellung ausf\u00fchren zu  k\u00f6nnen. Wir speichern diese Daten in unseren Systemen bis die  gesetzlichen Aufbewahrungsfristen abgelaufen sind.<br> <br><strong>\u00c4nderung unserer  Datenschutzbestimmungen<\/strong><br>Wir behalten uns vor, diese Datenschutzerkl\u00e4rung anzupassen, damit sie  stets den aktuellen rechtlichen Anforderungen entspricht oder um  \u00c4nderungen unserer Leistungen in der Datenschutzerkl\u00e4rung umzusetzen,  z.B. bei der Einf\u00fchrung neuer Services. F\u00fcr Ihren erneuten Besuch gilt  dann die neue Datenschutzerkl\u00e4rung.<br> <br><strong>Fragen an den Datenschutzbeauftragten<\/strong><br>Wenn Sie Fragen zum Datenschutz haben, schreiben Sie uns bitte eine  E-Mail oder wenden Sie sich direkt an die f\u00fcr den Datenschutz  verantwortliche Person in unserer Organisation:<br>Die Datenschutzerkl\u00e4rung wurde mit dem  <a href=\"https:\/\/www.activemind.de\/datenschutz\/datenschutzhinweis-generator\"> https:\/\/www.activemind.de\/datenschutz\/datenschutzhinweis-generator<\/a>  Datenschutzerkl\u00e4rungs-Generator der activeMind AG erstellt<\/p>\n","protected":false},"excerpt":{"rendered":"<p>Thomas und Sabine B\u00fchn Im Grund 13 D &#8211; 79650 Schopfheim info@palsadiso.de Tel.: 07622 5656 Datenschutzerkl\u00e4rungVerantwortliche Stelle im Sinne der Datenschutzgesetze, insbesondere der EU-Datenschutzgrundverordnung (DSGVO), ist:Thomas und Sabine B\u00fchnIm Grund 13D &#8211; 79650 Schopfheiminfo@palsadiso.deTel.: 07622 5656 Ihre Betroffenenrechte:Unter den angegebenen Kontaktdaten unseres Datenschutzbeauftragten k\u00f6nnen Sie jederzeit folgende Rechte aus\u00fcben: &#8211; Auskunft \u00fcber Ihre bei uns gespeicherten Daten und deren Verarbeitung,&#8211; Berichtigung unrichtiger personenbezogener Daten,&#8211; L\u00f6schung Ihrer bei uns gespeicherten Daten,&#8211; Einschr\u00e4nkung der Datenverarbeitung, sofern wir Ihre Daten aufgrund gesetzlicher Pflichten noch nicht l\u00f6schen d\u00fcrfen,&#8211; Widerspruch gegen die Verarbeitung Ihrer Daten bei uns und&#8211; Daten\u00fcbertragbarkeit, sofern Sie in die Datenverarbeitung eingewilligt haben oder einen Vertrag mit uns abgeschlossen haben. Sofern Sie uns eine Einwilligung erteilt haben, k\u00f6nnen Sie diese jederzeit mit Wirkung f\u00fcr die Zukunft widerrufen.Sie k\u00f6nnen sich jederzeit mit einer Beschwerde an die f\u00fcr Sie zust\u00e4ndige Aufsichtsbeh\u00f6rde wenden. Ihre zust\u00e4ndige Aufsichtsbeh\u00f6rde richtet sich nach dem Bundesland Ihres Wohnsitzes, Ihrer Arbeit oder der mutma\u00dflichen Verletzung. Eine Liste der Aufsichtsbeh\u00f6rden (f\u00fcr den nicht\u00f6ffentlichen Bereich) mit Anschrift finden Sie unter: https:\/\/www.bfdi.bund.de\/DE\/Infothek\/Anschriften_Links\/anschriften_links-node.html Zwecke der Datenverarbeitung durch die verantwortliche Stelle und Dritte:Wir verarbeiten Ihre personenbezogenen Daten nur zu den in dieser Datenschutzerkl\u00e4rung genannten Zwecken. Eine \u00dcbermittlung Ihrer pers\u00f6nlichen Daten an Dritte zu anderen als den genannten Zwecken findet nicht statt. Wir geben Ihre pers\u00f6nlichen Daten nur an Dritte weiter, wenn: &#8211; Sie Ihre ausdr\u00fcckliche Einwilligung dazu erteilt haben,&#8211; die Verarbeitung zur Abwicklung eines Vertrags mit Ihnen erforderlich ist,&#8211; die Verarbeitung zur Erf\u00fcllung einer rechtlichen Verpflichtung erforderlich ist,die Verarbeitung zur Wahrung berechtigter Interessen erforderlich ist und kein Grund zur Annahme besteht, dass Sie ein \u00fcberwiegendes schutzw\u00fcrdiges Interesse an der Nichtweitergabe Ihrer Daten haben. L\u00f6schung bzw. Sperrung der DatenWir halten uns an die Grunds\u00e4tze der Datenvermeidung und Datensparsamkeit. Wir speichern Ihre personenbezogenen Daten daher nur so lange, wie dies zur Erreichung der hier genannten Zwecke erforderlich ist oder wie es die vom Gesetzgeber vorgesehenen vielf\u00e4ltigen Speicherfristen vorsehen. Nach Fortfall des jeweiligen Zweckes bzw. Ablauf dieser Fristen werden die entsprechenden Daten routinem\u00e4\u00dfig und entsprechend den gesetzlichen Vorschriften gesperrt oder gel\u00f6scht. Erbringung kostenpflichtiger LeistungenZur Erbringung kostenpflichtiger Leistungen werden von uns zus\u00e4tzliche Daten erfragt, wie z.B. Zahlungsangaben, um Ihre Bestellung ausf\u00fchren zu k\u00f6nnen. Wir speichern diese Daten in unseren Systemen bis die gesetzlichen Aufbewahrungsfristen abgelaufen sind. \u00c4nderung unserer DatenschutzbestimmungenWir behalten uns vor, diese Datenschutzerkl\u00e4rung anzupassen, damit sie stets den aktuellen rechtlichen Anforderungen entspricht oder um \u00c4nderungen unserer Leistungen in der Datenschutzerkl\u00e4rung umzusetzen, z.B. bei der Einf\u00fchrung neuer Services. F\u00fcr Ihren erneuten Besuch gilt dann die neue Datenschutzerkl\u00e4rung. Fragen an den DatenschutzbeauftragtenWenn Sie Fragen zum Datenschutz haben, schreiben Sie uns bitte eine E-Mail oder wenden Sie sich direkt an die f\u00fcr den Datenschutz verantwortliche Person in unserer Organisation:Die Datenschutzerkl\u00e4rung wurde mit dem https:\/\/www.activemind.de\/datenschutz\/datenschutzhinweis-generator Datenschutzerkl\u00e4rungs-Generator der activeMind AG erstellt<\/p>\n","protected":false},"author":1,"featured_media":0,"parent":0,"menu_order":0,"comment_status":"closed","ping_status":"closed","template":"","meta":[],"_links":{"self":[{"href":"https:\/\/palsadiso.de\/index.php?rest_route=\/wp\/v2\/pages\/81"}],"collection":[{"href":"https:\/\/palsadiso.de\/index.php?rest_route=\/wp\/v2\/pages"}],"about":[{"href":"https:\/\/palsadiso.de\/index.php?rest_route=\/wp\/v2\/types\/page"}],"author":[{"embeddable":true,"href":"https:\/\/palsadiso.de\/index.php?rest_route=\/wp\/v2\/users\/1"}],"replies":[{"embeddable":true,"href":"https:\/\/palsadiso.de\/index.php?rest_route=%2Fwp%2Fv2%2Fcomments&post=81"}],"version-history":[{"count":1,"href":"https:\/\/palsadiso.de\/index.php?rest_route=\/wp\/v2\/pages\/81\/revisions"}],"predecessor-version":[{"id":83,"href":"https:\/\/palsadiso.de\/index.php?rest_route=\/wp\/v2\/pages\/81\/revisions\/83"}],"wp:attachment":[{"href":"https:\/\/palsadiso.de\/index.php?rest_route=%2Fwp%2Fv2%2Fmedia&parent=81"}],"curies":[{"name":"wp","href":"https:\/\/api.w.org\/{rel}","templated":true}]}}